{"id":207,"date":"2022-01-24T11:47:03","date_gmt":"2022-01-24T11:47:03","guid":{"rendered":"https:\/\/www.aisgonter.com\/?page_id=207"},"modified":"2022-01-25T07:47:11","modified_gmt":"2022-01-25T07:47:11","slug":"productos","status":"publish","type":"page","link":"https:\/\/www.aisgonter.com\/index.php\/productos\/","title":{"rendered":"Productos"},"content":{"rendered":"\n<div class=\"wp-block-cover alignfull has-nv-site-bg-background-color has-background-dim\" style=\"min-height:300px;aspect-ratio:unset;\"><div class=\"wp-block-cover__inner-container is-layout-flow wp-block-cover-is-layout-flow\">\n<div class=\"wp-block-group\"><div class=\"wp-block-group__inner-container is-layout-flow wp-block-group-is-layout-flow\">\n<h1 class=\"has-text-align-left has-neve-text-color-color has-text-color wp-block-heading\">MATERIALES<\/h1>\n<\/div><\/div>\n\n\n\n<p class=\"has-neve-link-color-color has-text-color\">No deben arder ni producir humos, manteniendo su capacidad de aislamiento te\u0301rmico incluso<br>a altas temperaturas. Los materiales m\u00e1s utilizados son:<\/p>\n<\/div><\/div>\n\n\n\n<div class=\"wp-block-cover alignfull has-nv-light-bg-background-color has-background-dim\" style=\"min-height:600px;aspect-ratio:unset;\"><div class=\"wp-block-cover__inner-container is-layout-flow wp-block-cover-is-layout-flow\">\n<div class=\"wp-block-group\"><div class=\"wp-block-group__inner-container is-layout-flow wp-block-group-is-layout-flow\">\n<div style=\"height:80px\" aria-hidden=\"true\" class=\"wp-block-spacer\"><\/div>\n\n\n\n<div class=\"wp-block-columns are-vertically-aligned-center is-layout-flex wp-container-core-columns-is-layout-9d6595d7 wp-block-columns-is-layout-flex\">\n<div class=\"wp-block-column is-vertically-aligned-center is-layout-flow wp-block-column-is-layout-flow\" style=\"flex-basis:50%\">\n<figure class=\"wp-block-image size-full size-large\"><img loading=\"lazy\" decoding=\"async\" width=\"509\" height=\"509\" src=\"https:\/\/www.aisgonter.com\/wp-content\/uploads\/2022\/01\/AISGONTER.jpg\" alt=\"\" class=\"wp-image-217\" srcset=\"https:\/\/www.aisgonter.com\/wp-content\/uploads\/2022\/01\/AISGONTER.jpg 509w, https:\/\/www.aisgonter.com\/wp-content\/uploads\/2022\/01\/AISGONTER-300x300.jpg 300w, https:\/\/www.aisgonter.com\/wp-content\/uploads\/2022\/01\/AISGONTER-150x150.jpg 150w\" sizes=\"auto, (max-width: 509px) 100vw, 509px\" \/><\/figure>\n<\/div>\n\n\n\n<div class=\"wp-block-column is-vertically-aligned-center is-layout-flow wp-block-column-is-layout-flow\" style=\"flex-basis:50%\">\n<h2 class=\"has-neve-text-color-color has-text-color wp-block-heading\">LANA DE ROCA<\/h2>\n\n\n\n<ul class=\"has-neve-link-color-color has-text-color wp-block-list\"><li>Para asegurar la estabilidad t\u00e9rmica del elemento transportado y alcanzar mayor seguridad en el proceso.<\/li><li>Para ofrecer aislamiento t\u00e9rmico lo cual mejora la eficiencia energ\u00e9tica, reduce<\/li><li>la p\u00e9rdida de calor y disminuye las emisiones de CO2.<\/li><li>Por razones de seguridad<\/li><li>Para proteger el personal de superficies calientes.<\/li><li>Para impedir la corrosi\u00f3n a trav\u00e9s de una menor humedad y condensaci\u00f3n.<\/li><li>Para reducir el ruido causado por turbulencias en el material<\/li><\/ul>\n<\/div>\n<\/div>\n\n\n\n<div style=\"height:40px\" aria-hidden=\"true\" class=\"wp-block-spacer\"><\/div>\n\n\n\n<p><\/p>\n<\/div><\/div>\n<\/div><\/div>\n\n\n\n<div class=\"wp-block-cover alignfull has-nv-dark-bg-background-color has-background-dim\" style=\"min-height:600px;aspect-ratio:unset;\"><div class=\"wp-block-cover__inner-container is-layout-flow wp-block-cover-is-layout-flow\">\n<div class=\"wp-block-group\"><div class=\"wp-block-group__inner-container is-layout-flow wp-block-group-is-layout-flow\">\n<div style=\"height:80px\" aria-hidden=\"true\" class=\"wp-block-spacer\"><\/div>\n\n\n\n<div class=\"wp-block-columns are-vertically-aligned-center is-layout-flex wp-container-core-columns-is-layout-9d6595d7 wp-block-columns-is-layout-flex\">\n<div class=\"wp-block-column is-vertically-aligned-center is-layout-flow wp-block-column-is-layout-flow\" style=\"flex-basis:50%\">\n<h2 class=\"has-nv-text-dark-bg-color has-text-color wp-block-heading\">ESPUMA ELASTOM\u00c9RICA<\/h2>\n\n\n\n<ul class=\"wp-block-list\"><li>Resiste bien el fuego y la alta temperatura ante el agua y humedad.<\/li><li>Es un material de espuma flexible.<\/li><\/ul>\n\n\n\n<p>Aislante flexible de color negro, se presenta en rollos y mangueras. Gracias a sus<br>caracter\u00edsticas de celdas cerradas y peque\u00f1as, es resistente a la difusi\u00f3n del vapor de<br>H2O, por lo que no es necesario una barrera de vapor adicional, as\u00ed como tambi\u00e9n el<br>acabado exterior (especie de cobertura). Sin embargo, para incrementar la vida \u00fatil del<br>aislante, se recomienda un acabado met\u00e1lico para la protecci\u00f3n mec\u00e1nica.<\/p>\n\n\n\n<p><\/p>\n\n\n\n<p><\/p>\n\n\n\n<div style=\"height:20px\" aria-hidden=\"true\" class=\"wp-block-spacer\"><\/div>\n\n\n\n<div class=\"wp-block-buttons is-layout-flex wp-block-buttons-is-layout-flex\">\n<div class=\"wp-block-button is-style-primary\"><a class=\"wp-block-button__link\" href=\"https:\/\/www.aisgonter.com\/index.php\/servicios\/\">CONOCE NUESTROS SERVICIOS<\/a><\/div>\n<\/div>\n\n\n\n<div style=\"height:20px\" aria-hidden=\"true\" class=\"wp-block-spacer\"><\/div>\n<\/div>\n\n\n\n<div class=\"wp-block-column is-vertically-aligned-center is-layout-flow wp-block-column-is-layout-flow\" style=\"flex-basis:50%\">\n<div class=\"wp-block-image\"><figure class=\"alignleft size-full is-resized\"><img loading=\"lazy\" decoding=\"async\" src=\"https:\/\/www.aisgonter.com\/wp-content\/uploads\/2022\/01\/AISGONTER2.jpg\" alt=\"\" class=\"wp-image-218\" width=\"489\" height=\"311\"\/><\/figure><\/div>\n<\/div>\n<\/div>\n<\/div><\/div>\n<\/div><\/div>\n\n\n\n<div class=\"wp-block-cover alignfull has-nv-light-bg-background-color has-background-dim\" style=\"min-height:600px;aspect-ratio:unset;\"><div class=\"wp-block-cover__inner-container is-layout-flow wp-block-cover-is-layout-flow\">\n<div class=\"wp-block-group\"><div class=\"wp-block-group__inner-container is-layout-flow wp-block-group-is-layout-flow\">\n<div style=\"height:80px\" aria-hidden=\"true\" class=\"wp-block-spacer\"><\/div>\n\n\n\n<div class=\"wp-block-columns are-vertically-aligned-center is-layout-flex wp-container-core-columns-is-layout-9d6595d7 wp-block-columns-is-layout-flex\">\n<div class=\"wp-block-column is-vertically-aligned-center is-layout-flow wp-block-column-is-layout-flow\" style=\"flex-basis:50%\"><\/div>\n\n\n\n<div class=\"wp-block-column is-vertically-aligned-center is-layout-flow wp-block-column-is-layout-flow\" style=\"flex-basis:50%\">\n<h2 class=\"has-neve-text-color-color has-text-color wp-block-heading\">INYECCI\u00d3N DE POLIURETANO<\/h2>\n\n\n\n<p class=\"has-neve-link-color-color has-text-color\">Son 2 componentes qu\u00edmicos: poliol e isocianato. Al mezclarse homog\u00e9neamente<br>forman un material aislante, cuya caracter\u00edstica es una espuma \u201cr\u00edgida\u201d, logrando as\u00ed<br>una alta eficiencia.<\/p>\n<\/div>\n<\/div>\n\n\n\n<div style=\"height:40px\" aria-hidden=\"true\" class=\"wp-block-spacer\"><\/div>\n\n\n\n<p><\/p>\n<\/div><\/div>\n<\/div><\/div>\n","protected":false},"excerpt":{"rendered":"","protected":false},"author":1,"featured_media":0,"parent":0,"menu_order":0,"comment_status":"closed","ping_status":"closed","template":"","meta":{"neve_meta_sidebar":"","neve_meta_container":"","neve_meta_enable_content_width":"on","neve_meta_content_width":100,"neve_meta_title_alignment":"","neve_meta_author_avatar":"","neve_post_elements_order":"","neve_meta_disable_header":"","neve_meta_disable_footer":"","neve_meta_disable_title":"on","footnotes":""},"class_list":["post-207","page","type-page","status-publish","hentry"],"jetpack_sharing_enabled":true,"_links":{"self":[{"href":"https:\/\/www.aisgonter.com\/index.php\/wp-json\/wp\/v2\/pages\/207","targetHints":{"allow":["GET"]}}],"collection":[{"href":"https:\/\/www.aisgonter.com\/index.php\/wp-json\/wp\/v2\/pages"}],"about":[{"href":"https:\/\/www.aisgonter.com\/index.php\/wp-json\/wp\/v2\/types\/page"}],"author":[{"embeddable":true,"href":"https:\/\/www.aisgonter.com\/index.php\/wp-json\/wp\/v2\/users\/1"}],"replies":[{"embeddable":true,"href":"https:\/\/www.aisgonter.com\/index.php\/wp-json\/wp\/v2\/comments?post=207"}],"version-history":[{"count":11,"href":"https:\/\/www.aisgonter.com\/index.php\/wp-json\/wp\/v2\/pages\/207\/revisions"}],"predecessor-version":[{"id":231,"href":"https:\/\/www.aisgonter.com\/index.php\/wp-json\/wp\/v2\/pages\/207\/revisions\/231"}],"wp:attachment":[{"href":"https:\/\/www.aisgonter.com\/index.php\/wp-json\/wp\/v2\/media?parent=207"}],"curies":[{"name":"wp","href":"https:\/\/api.w.org\/{rel}","templated":true}]}}